se 5, what is -2 + 11024103014?
11024103012
In base 13, what is -73993c + -2?
-739941
In base 4, what is -2231 - -21123220?
21120323
In base 7, what is 1101 + 46242?
50343
In base 14, what is 114 - -9556d?
95683
In base 11, what is 532 + 51442?
51974
In base 14, what is 6663760d - 5?
66637608
In base 10, what is -1891303 - 13?
-1891316
In base 14, what is 3 + 286a55?
286a58
In base 13, what is 1738a875 + -4?
1738a871
In base 7, what is 0 + -3425034126?
-3425034126
In base 11, what is 6 + 468a485?
468a490
In base 6, what is -1552530315 + -3?
-1552530322
In base 5, what is -2310413303034 + 10?
-2310413303024
In base 12, what is -9b13b7 - -a1?
-9b1316
In base 16, what is -3c7ce - 11?
-3c7df
In base 14, what is 122971b + 1?
122971c
In base 10, what is 42810 + 314?
43124
In base 10, what is -8 - 349731?
-349739
In base 9, what is 0 + -15536823?
-15536823
In base 7, what is 304 + 2123651?
2124255
In base 5, what is -210 + -332022324?
-332023034
In base 10, what is 976798427 - -1?
976798428
In base 5, what is 10202310321 - 21?
10202310300
In base 10, what is -18569277 - 33?
-18569310
In base 8, what is -354 - 21435?
-22011
In base 9, what is -5 - -13870341?
13870335
In base 15, what is 34d0 - ad0?
2900
In base 3, what is -1100201110 - 1000112202?
-2101021012
In base 5, what is 1202122423 - 1100?
1202121323
In base 10, what is 15 + 9048930?
9048945
In base 8, what is -101 + -34410505?
-34410606
In base 9, what is -1011376 - -238?
-1011137
In base 15, what is -5 + -3c5dbe5?
-3c5dbea
In base 16, what is -307 + 5725?
541e
In base 14, what is -1614 - -8684?
7070
In base 10, what is -294364 - 177?
-294541
In base 3, what is 10 + 1211112221122?
1211112221202
In base 14, what is 165 - -2d89?
3110
In base 12, what is -ba01 + 1187b?
1a7a
In base 11, what is -212 + 10699?
10487
In base 5, what is -12130334021 + -3?
-12130334024
In base 8, what is 26524 + -2373?
24131
In base 15, what is -d2171a3 - -1?
-d2171a2
In base 10, what is 4 - -811614?
811618
In base 11, what is -8817 - -1475?
-7352
In base 6, what is -10431252 - 320?
-10432012
In base 4, what is 13023 - -2303312?
2323001
In base 9, what is -3 - -3461175?
3461172
In base 15, what is -a8b - -a12c?
9591
In base 5, what is -24 - 1130002142?
-1130002221
In base 2, what is -1111001101001 - 100010110101?
-10011100011110
In base 7, what is -2 + 224054056?
224054054
In base 7, what is -2036316 - 1301?
-2040620
In base 4, what is -2203222 + 10031?
-2133131
In base 11, what is -3978 - -978?
-3000
In base 14, what is -386c59 + -3?
-386c5c
In base 4, what is -2102213 - 102002?
-2210221
In base 10, what is 44 - 115482?
-115438
In base 12, what is 29a03 - -12b9?
2b100
In base 14, what is 1ac + 7809?
79b7
In base 10, what is 550822 - 207?
550615
In base 7, what is 240500 - -264?
241064
In base 7, what is -2 - -1514636342?
1514636340
In base 11, what is -400634 + -4?
-400638
In base 8, what is 0 + 276500506?
276500506
In base 14, what is 6bc13b + 0?
6bc13b
In base 8, what is 5033 - 1652?
3161
In base 9, what is -628 + 3150641?
3150012
In base 4, what is 1213331033123 + -1?
1213331033122
In base 7, what is 30230466 + 12?
30230511
In base 5, what is 12402401324 - 2?
12402401322
In base 5, what is -2004 - -4244212?
4242203
In base 11, what is 2a736 - -2015?
31750
In base 16, what is -ee6 + 6b5f?
5c79
In base 2, what is -111001001010001 + -100000010?
-111001101010011
In base 11, what is -42532 - 44?
-42576
In base 5, what is 1421333103 - -4?
1421333112
In base 11, what is -4 + 597954?
597950
In base 9, what is 1080786 + 5?
1080802
In base 11, what is -7a2 - 2852?
-3544
In base 7, what is 1 - -600104126?
600104130
In base 14, what is 9 + -2c2443?
-2c2438
In base 9, what is -1448 - 128334?
-130783
In base 14, what is 5 - 3a1dc?
-3a1d7
In base 4, what is 1003113 - -21220203?
22223322
In base 15, what is -97eb58 + -14?
-97eb6c
In base 6, what is -450254 + 42053?
-404201
In base 10, what is 44720961 + -3?
44720958
In base 9, what is -2562343 - -107?
-2562235
In base 8, what is 7736 + -2301?
5435
In base 14, what is 1 - 1413b7?
-1413b6
In base 15, what is -8e1bcd3 - 4?
-8e1bcd7
In base 13, what is 14b + 7325?
7473
In base 8, what is -1015 + -3721?
-4736
In base 13, what is 133105c2 + 3?
133105c5
In base 4, what is -100 - 220000211212?
-220000211312
In base 4, what is 10 + -20322031010022?
-20322031010012
In base 14, what is -63 - 111b?
-1180
In base 10, what is -9 - 2457981?
-2457990
In base 12, what is -57957832 + 4?
-5795782a
In base 11, what is -238a25 + 1728?
-2372a8
In base 15, what is -1447 + -1a7?
-15ee
In base 4, what is 2213301 - 101101230?
-32221323
In base 5, what is 104024033302 - -3?
104024033310
In base 7, what is 113363315 - 0?
113363315
In base 16, what is 6 + -f3d3d?
-f3d37
In base 7, what is 0 - 40222302?
-40222302
In base 3, what is -201021112112010 + -10?
-201021112112020
In base 14, what is -d7 - -a7d2?
a6d9
In base 10, what is -35841 - -15993?
-19848
In base 6, what is -10105 + -1301410?
-1311515
In base 4, what is -23033010101 + -111?
-23033010212
In base 14, what is -116330 - 3?
-116333
In base 12, what is 31 - 544680?
-54464b
In base 7, what is -1514022221 - -10?
-1514022211
In base 11, what is -3139a7 - 288?
-314184
In base 8, what is 11651 - -422?
12273
In base 16, what is -f92a1 + 8?
-f9299
In base 12, what is 10a9 + -5187?
-409a
In base 16, what is -461c031 + -2?
-461c033
In base 5, what is -1100 + -403424?
-410024
In base 3, what is 22112202020012 - 2101?
22112202010211
In base 11, what is 17aa07 - -1a9?
180105
In base 14, what is -111 - 39d26?
-3a037
In base 9, what is -10156564 + 1?
-10156563
In base 16, what is 5 - 2353479?
-2353474
In base 10, what is -425636360 + -4?
-425636364
In base 6, what is -122 + -10423252?
-10423414
In base 3, what is -20 + -2002121121210?
-2002121122000
In base 13, what is 6286 + -1ab?
60a8
In base 2, what is -10010111101 - -1011010000100110?
1010111101101001
In base 12, what is 84 + 16b1406?
16b148a
In base 8, what is -2730532 + 1?
-2730531
In base 11, what is -a6856a - -476?
-a680a4
In base 8, what is 164707 + 6407?
173316
In base 7, what is -54616 + 4540?
-50046
In base 7, what is -1120 - 3520464?
-3521614
In base 4, what is 0 - -10310110220?
10310110220
In base 4, what is 2 - 21022110132?
-21022110130
In base 6, what is -5213 + -13004?
-22221
In base 12, what is -64b1 + 4907a?
42789
In base 4, what is -11 + -12302202001?
-12302202012
In base 13, what is 2c1876402 + -3?
2c18763cc
In base 14, what is -94a35a + 25?
-94a335
In base 12, what is 947a51 - -3?
947a54
In base 9, what is -317683 + 2413?
-315270
In base 10, what is -3 + -6041306?
-6041309
In base 6, what is 134 - -254415?
254553
In base 7, what is -4245 - 3526010?
-3533255
In base 4, what is 12220202132123 + 10?
12220202132133
In base 12, what is 2300594 - 2?
2300592
In base 8, what is 156226 - -27?
156255
In base 10, what is -13139 + 583?
-12556
In base 4, what is 10000 + 21131321?
21201321
In base 4, what is 121 + 3301002?
3301123
In base 16, what is 3f55d6 + 0?
3f55d6
In base 10, what is 114681841 - 3?
114681838
In base 3, what is -11022210101100 + 101?
-11022210100222
In base 14, what is -5 - b706890?
-b706895
In base 9, what is 147 + 215017?
215165
In base 4, what is 233000301121 + -3?
233000301112
In base 14, what is 2 + 540d3d7?
540d3d9
In base 11, what is -5 + 35a4370?
35a4366
In base 10, what is -1598686 - 2?
-1598688
In base 16, what is bf1 - 2a9?
948
In base 6, what is 154 - -1130132?
1130330
In base 15, what is -aa455 + 39?
-aa41b
In base 16, what is 1396ac + -5?
1396a7
In base 6, what is 530312 + 1023?
531335
In base 11, what is -5139a + -4674?
-55a63
In base 8, what is 1703 + 16323?
20226
In base 13, what is 1cc7 + -1262?
a65
In base 10, what is 563577 - -2?
563579
In base 11, what is -190 - 44597?
-44777
In base 16, what is 2432 + 3d28?
615a
In base 9, what is -3 - 63156524?
-63156527
In base 6, what is 240455 - 120?
240335
In base 15, what is -3 - 1e16a9?
-1e16ac
In base 9, what is 771683 + -31?
771652
In base 4, what is 10 + -1001220100213?
-1001220100203
In base 12, what is 20 + 531805?
531825
In base 7, what is -2 - 11265255?
-11265260
In base 5, what is 1442 + -334134?
-332142
In base 4, what is -10 + 1201000133110?
1201000133100
In base 6, what is 1 - -15131413051?
15131413052
In base